n divisor of v and 3?
3
Suppose -2*s + 3*l = -56, 70 = 2*s + 3*l + l. Suppose 0 = 2*j + 3*p + 11, 0*j + 3*p = 4*j + 67. Let d = j + s. Calculate the highest common factor of 9 and d.
9
Let r = -10 - -48. Suppose 4 + r = 4*m + 5*w, -m = 4*w - 16. Suppose 3*b + 8 = 11. What is the greatest common divisor of b and m?
1
Let z be (5/(5/17))/1. Calculate the greatest common factor of 85 and z.
17
Let a(f) = f**2 - 2*f - 4. Let j be a(3). Let o be (-1)/(-2 + (-1)/j). Let s = 6 - o. Calculate the greatest common factor of s and 1.
1
Let n(r) = -r**3 - 13*r**2 + 19*r - 25. Let x be n(-15). Let l(d) = d - 5. Let b be l(-5). Let p = 10 - b. Calculate the highest common divisor of p and x.
20
Suppose -3*o - 8 = -0*r + 5*r, r = -1. Let h = o + 11. Let g(n) = -28*n - 4. Let f be g(-3). Calculate the highest common divisor of h and f.
10
Let m(u) = -104*u**3 - u - 1. Let p be m(-1). Suppose -2*h = 5*w - 61, 3*w - 2*w - 3 = -5*h. Calculate the highest common factor of p and w.
13
Let v(z) = z. Let k be 0 - -2 - (-3 + 2). Let i be v(k). Suppose 5*j = -2*h + 54, i*h = -j + 7*h + 24. Calculate the greatest common divisor of 12 and j.
12
Suppose 3*m + 2*f - 52 = -0*f, -4*m - f + 76 = 0. Suppose 2 = x - 3. Calculate the greatest common factor of m and x.
5
Let f(u) = u**3 - 6*u**2 + 6*u - 5. Let m be f(5). Suppose 2*z + 3*x - 15 = 11, m = -z + x + 8. What is the highest common factor of z and 5?
5
Suppose 85 = 5*m + 20. Let g = -34 + 48. Suppose 0 = -3*n - 2*a + 121, 0 = n - 5*a - 15 - g. Calculate the highest common factor of n and m.
13
Let f = -8 - 1. Let y(t) = -t**2 - 9*t + 13. Let j be y(f). Calculate the greatest common factor of 91 and j.
13
Suppose -108 = -2*l - 12. Suppose -2*p + 4*r = -7*p + l, -4*p - 4*r = -40. Calculate the highest common factor of 40 and p.
8
Suppose 64 = 5*d + 4*g, 0 = -2*g + 4*g + 8. Let b(w) = -3*w + 3 + 2*w - 2. Let q be b(-3). What is the highest common divisor of d and q?
4
Let j be (-2)/4*2*-3. Suppose -3*r = j*o - 45, -5*r - 6 = -2*o - 4. Let h = 142 - 43. Calculate the highest common divisor of o and h.
11
Suppose 4*w + 0 = 100. Let c = w - 10. Calculate the highest common divisor of c and 5.
5
Let r be (-2 + 4)*(1 - -1). Suppose -h + 5*l = -20, r*h + 0*l = 3*l + 97. Let w = 43 - h. What is the highest common divisor of 3 and w?
3
Let s be (2/5)/(3/75). Let q = 4 - -1. Let o(d) = 2*d**3 - 5*d**2 - 8*d + 5. Let m be o(q). Calculate the highest common divisor of s and m.
10
Suppose -2*t - 41 = -5. Let o(d) = d**3 + 5*d**2 - 5*d + 7. Let g be o(-6). Let l be 0 + t/(-3) + g. Calculate the greatest common divisor of 35 and l.
7
Let n be (-6)/4*(-7 + -1). Calculate the greatest common factor of 30 and n.
6
Suppose -4*j - 20 = -9*j. Calculate the greatest common factor of 16 and j.
4
Let v = -24 + 27. Let t(k) = 7*k - 3. Let h be t(v). Calculate the highest common factor of h and 90.
18
Suppose -5*h - u = -41, 0*h - 3*h + 4*u + 43 = 0. What is the greatest common factor of h and 21?
3
Let x(f) = 43*f**3 - f**2. Let v(b) = b**2 + 7*b + 1. Let z be v(-7). Let m be x(z). Calculate the highest common divisor of m and 6.
6
Let n be (5 + -3)*(-6)/3 - -7. What is the highest common divisor of n and 21?
3
Let q be -3 - -6 - (2 - 16). Let v(a) = -20*a - 7. Let m be v(-8). What is the greatest common divisor of q and m?
17
Let t = -6 - -10. What is the greatest common divisor of 28 and t?
4
Suppose -2*j = k - 3, -4*k + 2*j + 5 = 3*j. Let m(u) = -k - u + u**2 + 2 + 1. Let r be m(0). Calculate the greatest common factor of 6 and r.
2
Suppose -10 = -j - m, 2*j = -0*m - m + 20. What is the greatest common factor of j and 5?
5
Let h(x) = -x**3 - 2*x**2 + 4*x. Let y be -4*(4 + -2 + -1). Let c be h(y). What is the highest common divisor of c and 16?
16
Let o be 507/15 - 3/(-15). What is the highest common divisor of 34 and o?
34
Let b be 2/(-4) - 35/(-10). Suppose i + w - 4 = 5, 0 = -b*i - w + 17. Suppose -i*q + 9*q - 240 = 0. What is the greatest common factor of q and 6?
6
Suppose 2*a + 380 = 5*m - m, -m = 4*a - 104. Suppose 0 = -5*t + 4*d + 60, 0 = -0*d - d. What is the greatest common divisor of t and m?
12
Suppose -u + 4*u = 24. Let g = 183 - 95. Calculate the greatest common divisor of g and u.
8
Let l be (-2)/(-3) + 7/3. Let a be ((-30)/8)/(l/(-36)). Let w(j) = 2*j - 12. Let o be w(15). What is the greatest common divisor of a and o?
9
Let g(f) = f**2 + f - 3. Let z be g(-4). Let s be 44/20 + 2/(-10). Let o be ((-42)/49)/(s/(-14)). What is the highest common divisor of z and o?
3
Suppose 4*k = -l - 4*l + 19, 3*l - 11 = -2*k. Let v be (-98)/(-7) - k*-1. What is the highest common factor of v and 10?
5
Suppose 0 = c + 4*c. Suppose c*t - 9 = -t. Suppose -54 = -3*u + 3*o, -3*o + o = u - t. Calculate the highest common factor of u and 5.
5
Suppose 3*c = l - 6*l + 23, -2*l + 7 = -c. Suppose 7*a - 50 = -5*g + 4*a, -3*g + l*a + 1 = 0. Calculate the highest common factor of 70 and g.
7
Suppose 0 = -l + 7 + 10. Suppose 189 = 3*a - 270. What is the highest common factor of a and l?
17
Let x = 25 - -96. Suppose 3*m - 19 = 14. What is the highest common divisor of x and m?
11
Let d(t) = t**2 + 7*t + 4. Let q be d(-7). Suppose -q*h + 3*s = 44 - 130, h - 5*s - 30 = 0. What is the highest common divisor of h and 4?
4
Suppose 0 = x + x + 4. Let g(m) = -4*m - 3. Let u be g(x). Suppose -o - o + 50 = 4*z, -53 = -4*z - u*o. What is the greatest common factor of 84 and z?
12
Let l(x) = 3*x**2 + 2*x - 4. Let f be l(-3). Let z = -112 - -214. Calculate the highest common divisor of f and z.
17
Let f = 131 + -86. What is the highest common factor of f and 5?
5
Let x = -5 + 1. Let t = x - -7. Suppose -3*a = w - 9, -a - t*a = -8. Calculate the highest common factor of w and 21.
3
Let z = -55 - -88. Calculate the highest common divisor of 3 and z.
3
Let r = -117 + 133. Calculate the highest common factor of r and 32.
16
Suppose 3 = i - 0*i. Suppose 6*h = i*h + 72. Calculate the highest common factor of h and 8.
8
Suppose 22 = z - 5*s - 15, 31 = 3*z + s. What is the highest common factor of z and 54?
6
Let c = -165 + 277. Calculate the highest common divisor of c and 14.
14
Suppose 14*c - 16*c = -54. What is the highest common divisor of c and 135?
27
Let s be 0 + 15 - (-21)/7. Let x be -1 + -1 + 0 - -14. Calculate the highest common factor of x and s.
6
Let d be (48/9)/((-20)/(-30)). What is the highest common divisor of 32 and d?
8
Let z = 77 + -66. What is the greatest common divisor of z and 1?
1
Let d = -105 + 195. What is the highest common divisor of 18 and d?
18
Suppose 3*o - 6*o + 168 = 0. What is the greatest common divisor of 4 and o?
4
Let j(s) = -s**3 - 7*s**2 + 8*s + 18. Let x be j(-8). Calculate the highest common divisor of 36 and x.
18
Let c = -1 - 26. Let r = -13 - c. Calculate the greatest common divisor of 28 and r.
14
Suppose -4*f = 4*j - 28, 7*f + 11 = 5*f + 3*j. Let m be 1/(f/(-12 + 2)). Let x = 9 - m. Calculate the greatest common divisor of 154 and x.
14
Let b be 1/(-1) + (-1 - -8). Suppose -4 = -y + b. Calculate the greatest common factor of y and 2.
2
Let j be (0 - (-6)/24)/(1/4). What is the highest common factor of j and 3?
1
Let i(x) = -3*x**3 + 3*x**2 + x. Let j be i(3). Let f be (j/(-3))/(0 + 1). Calculate the highest common factor of f and 187.
17
Let h(f) = -4*f - 2. Let g = -7 - -3. Let y be h(g). Calculate the greatest common divisor of 21 and y.
7
Let x = 102 + -60. Let i be (8/6)/((-4)/(-42)). Calculate the highest common divisor of i and x.
14
Let t = -13 - -31. Suppose -4*o + 4 = 2*x - t, x - 2*o = 7. Calculate the highest common divisor of x and 3.
3
Let s(x) = -14*x**3 + 5*x**3 + 10*x**3 + 7*x**2 + 5*x - 7. Let w be s(-5). What is the greatest common factor of w and 27?
9
Let g be 2/(-4) - (-7)/2. Suppose c - 10 = g*c. Let q(t) = -t**3 - 6*t**2 - 4*t + 6. Let k be q(c). What is the highest common factor of 8 and k?
1
Let m be (0 - -4) + 8/(-4). Suppose 0 = -4*v - 5*h + 89, -h + m*h = 4*v - 107. Calculate the greatest common factor of v and 13.
13
Let s(w) = 2*w**2 - 50*w + 8. Let g be s(28). What is the highest common factor of 22 and g?
22
Let c(d) = 9*d - 6. Let k be c(4). Let y(u) = u**2 + 12*u + 9. Let z be y(-12). Let w be (-2)/(-6) + 402/z. Calculate the highest common divisor of k and w.
15
Suppose -3*v + 3 + 3 = 0. S